et u be 0 - (0 + (0 - 0)). Let t(w) = 2101*w**2 + 2109*w**2 - 18 + w - 6285*w**2 + 2076*w**2. What is t(u)?
-18
Suppose -1977*u + 3*v = -1975*u - 13, -5*v - 17 = -u. Let r(d) = -d - 6. Let j(i) = -i**2 + i + 1. Let m(c) = -2*j(c) - r(c). What is m(u)?
10
Let k(n) be the third derivative of 0*n + 0 - 179*n**2 - 1/24*n**4 - 1/2*n**3. Calculate k(8).
-11
Let h be 1 - (-6 + 5)*139. Let i(r) = 72 + 2*r - 5*r**2 - h + r**3 + r + 65. Let z(m) = 2*m - 4. Let v be z(3). Calculate i(v).
-9
Let q be (-1 - 0)/(1/(-3)). Let p be (-5)/(-2) - (-24)/(-16). Let o(k) = -p + 66*k + 62*k - 134*k. Calculate o(q).
-19
Let a(w) = 7*w**2 - 2*w - 2. Let t(z) = 41*z**2 - 7*z - 11. Let c(d) = -5*a(d) + t(d). Let o = -7 - -4. Give c(o).
44
Let a(n) be the first derivative of 2*n**3/3 + 3*n**2/2 + n + 623. What is a(3)?
28
Let k(d) be the second derivative of -d**7/2520 - d**6/72 - 7*d**5/60 - 23*d**4/12 + 2*d - 3. Let p(s) be the third derivative of k(s). Determine p(-6).
10
Let n(q) be the second derivative of q**4/6 - q**3/6 - 15*q. Let k(b) = -13*b**2 + 16*b + 9. Let h(d) = -k(d) - 6*n(d). Give h(8).
-25
Let c = 13 - -14. Let a = 29 - c. Let u(i) = 7 - a*i**2 - 3*i**2 - 1 + 4*i**2 - 6*i. Give u(-7).
-1
Suppose -4*k + k = -69. Suppose -3*m + 40 + k = -3*r, 4*r = -m + 6. Let d(y) = 7 + 11 - m + y. Calculate d(-8).
-8
Let v(u) = -u**3 - 13*u**2 - 11*u - 12. Let x(n) = 19*n**2 - 225*n - 48. Let d be x(12). Calculate v(d).
-24
Let b(o) = 10 + 33 + o + 6*o + 12*o - 6*o. Let y be b(-4). Let g(h) = h + 6. What is g(y)?
-3
Let k(l) = -5*l + 10. Let u(h) = 8 - 6*h - h + 11 - 5*h. Let m(d) = -7*k(d) + 3*u(d). Let c(g) = 10*g**3 + g**2 - 1. Let z be c(-1). Determine m(z).
-3
Let b(g) = 26*g**2 - 6*g. Let x(n) = -27*n**2 + 5*n. Let w(s) = 6*b(s) + 7*x(s). Let t(v) = -v + 15. Let k be t(14). Determine w(k).
-34
Suppose -2 - 13 = -31*t + 34*t. Let k(w) = 6*w - 20. Determine k(t).
-50
Let y(k) be the first derivative of -1 - 3*k - 3/2*k**2. Let z(i) = 110*i**2 - 554*i + 26. Let c be z(5). Determine y(c).
-21
Let u be 8*4/128 + 57/(-4). Let y(t) = -3*t - 21. Calculate y(u).
21
Let m(q) = -q. Let t be (8 - -2 - -3)*4*1. Let a = t + -26. Suppose -30 = 4*c - a. Calculate m(c).
1
Suppose -6*g - 4*o = 10, 0 = -5*g + 16*o - 20*o - 7. Let v(s) = -2*s**2 - 4*s - 7. Determine v(g).
-13
Let m(r) = 6*r**2 - 31*r - 142. Let t(o) = -5*o**2 + 30*o + 121. Let b(i) = -4*m(i) - 5*t(i). Calculate b(27).
-10
Let k(j) = j - 1. Suppose -17*q = -180 - 228. Suppose q*x - 195 = 9*x. What is k(x)?
12
Let f(l) be the first derivative of l**4/4 - 11*l**3/3 + 5*l**2 + 14*l - 2936. Determine f(6).
-106
Let f(p) = 2*p + 28. Let g be f(-13). Let h(u) be the first derivative of -983 + 3*u**2 + 949 - u + g*u**2. What is h(2)?
19
Let j be (-2)/3 - 56/6. Let z be -8 + 0 + 10/(-25)*j. Let h(w) = -w**3 - 3*w**2 + 5*w + 10. Let s be h(z). Let l(f) = f**3 - 7*f**2 + 8*f - 1. Determine l(s).
11
Let y(r) = -5*r**2 + 33*r + 35. Let w(l) = -3*l**2 + 17*l + 18. Let h(u) = -7*w(u) + 4*y(u). Let t = -490341 + 490329. What is h(t)?
2
Suppose 0 = 3*s - 4*a - 24, -5*a + 7*a = 6. Let l(k) = -s*k + 7*k + 8*k - 7 - 9. Give l(7).
5
Let o(l) = 3*l - 11. Let d be o(6). Let g(k) = -8*k + 11. Let m(a) = -9*a + 12. Let z(w) = 5*g(w) - 4*m(w). Calculate z(d).
-21
Let x be 16/(-32) + (-9)/(-2). Let i(q) = -q**3 + 6779476*q - 6779476*q + 3 + 3*q**2. Calculate i(x).
-13
Let x(i) = 10*i - 163. Let l be x(13). Let a = l - -28. Let k(g) = g**3 + 7*g**2 + 3*g + 7. What is k(a)?
42
Suppose 25*i - 82 = 743. Suppose -i*q + 36 - 333 = 0. Let b(d) = -2*d - 8. Give b(q).
10
Suppose -388 - 635 = -33*r. Let p(m) = m**2 - 30*m - 27. Determine p(r).
4
Let q = 47 + -44. Let z(v) = -q*v + 1 + 3*v - 3*v. Let f(b) = b**2 - 7*b - 11. Let o be f(8). Determine z(o).
10
Let p(d) be the second derivative of -d**6/360 + d**5/24 + d**4/24 - 115*d**3/6 + 32*d - 2. Let s(g) be the second derivative of p(g). What is s(6)?
-5
Let y(k) = -6*k - 7. Let p = 918 - 908. Determine y(p).
-67
Let o = -7268 - -7278. Let n(x) = -4*x - 28. Calculate n(o).
-68
Let j(k) = 120*k - 198. Let u(f) = -1276*f + 2176. Let d(q) = -32*j(q) - 3*u(q). Determine d(-15).
-12
Let b(r) be the second derivative of 5*r**3/6 - 9*r**2/2 - 518*r - 8. Let a be (-2)/(-14) + (-165)/(-21). Calculate b(a).
31
Let o(d) be the second derivative of d**5/60 - 5*d**4/24 + 2*d**3/3 - 153*d**2 + 22*d - 2. Let c(w) be the first derivative of o(w). Give c(5).
4
Let t(v) = 4*v - 113. Let z(w) = -13*w**3 - 20*w**2 + 16*w + 36. Let l be z(-2). What is t(l)?
-1
Let g(n) be the third derivative of -n**4/8 + 13*n**3/6 - 697*n**2. Determine g(8).
-11
Let h(u) = 8*u**2 + 0*u - 3*u**2 - u. Let d = 409 - 391. Suppose -12*z + 21*z + d = 0. What is h(z)?
22
Let w(p) = 4*p**3 - 2*p**2 + 7*p + 3. Let b be w(0). Let n(c) = -3*c**2 + c + 1. Calculate n(b).
-23
Let k(d) = -465*d + 468*d + 38*d**2 + 3 + 2 - 3. Calculate k(-1).
37
Let f(o) be the third derivative of o**6/6 + o**5/60 - o**4/24 - o**3/6 + 169*o**2 + o + 6. Give f(-1).
-19
Let h be ((-129)/15)/((-18)/90). Let c(q) = -q - h*q**2 + 20*q**2 - 9 - q**3 + 22*q**2. Determine c(0).
-9
Let q(d) = -5*d + 34. Let n be q(6). Suppose 5*l - n*r = -0*l - 15, 4*r = 0. Let x(k) = k**3 + 3*k**2 - 3. Calculate x(l).
-3
Let s(x) = -10*x**2 - x**3 - 72*x + 0*x**2 - 154 + 46*x + 155. Calculate s(-6).
13
Let g be 2/6 - (-20)/12. Let p = -196 + 198. Let x(s) = -2*s + 1 - 4*s + 0*s - 3*s**p + 14*s - 7*s. Calculate x(g).
-9
Let k(v) be the third derivative of -v**6/120 - v**5/30 + v**4/6 + v**3/2 - v**2. Suppose 412*b - 267 = 501*b. Calculate k(b).
0
Let p(f) = -5*f - 225. Let n be ((-2)/(-24))/((-10)/(-40)) - (-520)/(-12). Give p(n).
-10
Let c(l) = l**2 - 3*l - 5. Let h be c(-2). Let d(p) = -4 + 0 - 2 + 3 + p. Give d(h).
2
Let w(n) = 145 + 5 + 198 + 278 + 17 + 37*n. What is w(-17)?
14
Let b(u) = 4 + 4*u + 14*u**2 + 37*u**3 - 20*u**3 + 13 - 18*u**3 - 8*u**2. What is b(7)?
-4
Let x = -11 + 17. Suppose 15 = -n - 5*g, 5*n - g = 23 + x. Let m(f) = -2*f - n*f + 6*f. Calculate m(0).
0
Let i(m) = -m - 83. Let x(o) = 33. Let p(d) = -i(d) - 3*x(d). Give p(17).
1
Let p(w) be the first derivative of -w**3 + 11*w**2/2 - 3*w - 3697. Calculate p(3).
3
Let r be -6*(4/(-3) + 1). Let s(v) = -2*v + 4*v + v**2 + 3*v**r - 2*v. Suppose 0*n + 5*m - 30 = -5*n, 3*n = 4*m - 17. Give s(n).
4
Let m(p) = -37*p - 3547. Let a be m(-96). Let b(o) = o**2 - 9*o - 2. Determine b(a).
-22
Let k(a) = -a - 14. Let b = 43 - 43. Suppose 2*g - 4*c - 12 = b, 5*g + 3*c - 4 = -0*g. Suppose 2*q = -5*v - 65, -21 = 4*v - 3*v + g*q. Give k(v).
-3
Suppose -30*k = -32*k + 12. Let x(g) = -g**2 + 2*g + 30. Let o be x(k). Let r(l) = l - 6. Let i be r(o). Let h(a) = a**2 - a - 7. Determine h(i).
-7
Let s(b) = 3*b**2 - 249*b - 48. Let m(g) = -6*g**2 + 373*g + 72. Let r(f) = 5*m(f) + 8*s(f). What is r(-21)?
-3
Let d(g) be the second derivative of -13*g**3/3 - 7*g**2/2 + 17*g + 26. What is d(-2)?
45
Let h(o) = -2*o**2 + 6*o - 1. Suppose 2*p = -2*f - 0*p + 2, 5*p - 26 = 2*f. Let a be (5/(-1)*f)/3. Suppose -a*i - 2 = -3*i + 2*w, 2*i - w = 13. Give h(i).
-9
Let i(w) = -w**3 + 22*w**2 - 23*w + 37. Let o = -3944 - -3965. Calculate i(o).
-5
Suppose -3*f = -7*f + 3*x - 175, 3*x = -f - 40. Let h(b) = b**3 + 41*b**2 - 86*b + 7. Let u be h(f). Let w(d) = -d - 1. What is w(u)?
-8
Let x(d) = -6*d + d**2 - 4 + 2*d**2 - 4*d**2. Let n(k) = -4*k**3 + 4*k**2 - 3*k - 1. Let o(y) = -y**2 - 2*y + 225. Let w be o(-16). Let p be n(w). What is x(p)?
4
Let r(m) be the second derivative of m**5/20 - 7*m**4/12 - 9*m**2/2 - 5*m - 45. Let h(q) = -q**2 + 7*q - 5. Let s be h(4). What is r(s)?
-9
Let x(u) = -u**3 + 6*u**2 + u - 3. Let k be ((-6)/2 - -9)*24. Suppose -146*g = -k*g - 12. Calculate x(g).
3
Let v(j) = 2*j + 1. Suppose -24*m + 17*m + 21 = 0. Let z(p) = -3*p - 3. Let s(i) = m*z(i) + 5*v(i). Let t(k) = 2*k - 4. Let l be t(4). Give s(l).
0
Let d(b) = -12*b**2 + 4*b + 13. Let t(j) = 2*j**3 + 7*j**2 + 8*j + 4. Let o be t(-2). What is d(o)?
13
Let u = 605 - 609. Let i(z) = -z**2 - 8*z - 20. Determine i(u).
-4
Let h = -3573 + 3578. Let g(w) be the second derivative of w**3 - 7/2*w**2 - 1/2*w**4 + 0 + 1/20*w**5 + 3*w. What is g(h)?
-2
Let i(b) = -9*b - 2. Let p(o) = o**2 - 30*o + 82. Let k be p(27). Suppose -5*h + 2*y = -k, -5*h + 11 = 2*y + 2. Determine i(h).
-11
Let d(f) = f*